nd 4997?
19
What is the greatest common divisor of 888 and 108?
12
What is the highest common divisor of 273 and 2184?
273
What is the greatest common divisor of 200 and 125?
25
What is the highest common divisor of 13 and 3523?
13
What is the greatest common factor of 51 and 2703?
51
What is the greatest common divisor of 630 and 4473?
63
Calculate the greatest common factor of 72 and 5784.
24
What is the greatest common divisor of 356 and 4?
4
Calculate the greatest common divisor of 280 and 35.
35
Calculate the greatest common factor of 1254 and 33.
33
What is the greatest common divisor of 27 and 135?
27
Calculate the greatest common factor of 14 and 525.
7
Calculate the highest common divisor of 16 and 3856.
16
Calculate the greatest common divisor of 533 and 82.
41
Calculate the highest common factor of 198 and 11022.
66
Calculate the highest common divisor of 23 and 1863.
23
What is the highest common divisor of 630 and 252?
126
Calculate the greatest common factor of 308 and 66.
22
Calculate the greatest common factor of 1582 and 28.
14
What is the highest common factor of 77 and 40?
1
Calculate the greatest common divisor of 30 and 204.
6
What is the greatest common divisor of 26 and 104?
26
Calculate the greatest common divisor of 100 and 160.
20
What is the greatest common divisor of 869 and 792?
11
Calculate the greatest common divisor of 50 and 46.
2
What is the highest common divisor of 126 and 1386?
126
What is the greatest common factor of 30 and 1206?
6
Calculate the highest common factor of 17 and 34.
17
Calculate the greatest common divisor of 720 and 29760.
240
Calculate the highest common divisor of 4429 and 43.
43
What is the greatest common factor of 12 and 354?
6
What is the highest common divisor of 30 and 96?
6
Calculate the highest common divisor of 1131 and 429.
39
What is the highest common divisor of 6 and 8088?
6
Calculate the greatest common divisor of 74 and 74.
74
Calculate the greatest common divisor of 576 and 2196.
36
What is the highest common factor of 924 and 33?
33
Calculate the highest common divisor of 47288 and 184.
184
What is the highest common divisor of 32 and 88?
8
Calculate the highest common factor of 21 and 203.
7
What is the greatest common factor of 22 and 8?
2
What is the highest common factor of 30 and 8?
2
Calculate the greatest common divisor of 24 and 456.
24
What is the highest common factor of 21 and 1407?
21
What is the highest common divisor of 52 and 1989?
13
What is the highest common divisor of 82 and 656?
82
What is the greatest common divisor of 112 and 5408?
16
Calculate the greatest common factor of 189 and 672.
21
Calculate the greatest common divisor of 1298 and 236.
118
Calculate the highest common factor of 198 and 4422.
66
What is the highest common divisor of 2800 and 10?
10
Calculate the highest common divisor of 132 and 242.
22
Calculate the greatest common divisor of 476 and 42.
14
Calculate the greatest common factor of 544 and 493.
17
Calculate the greatest common divisor of 364 and 42.
14
What is the highest common factor of 9 and 279?
9
Calculate the highest common divisor of 12 and 93.
3
What is the greatest common factor of 1 and 107?
1
What is the highest common divisor of 495 and 88?
11
Calculate the greatest common divisor of 1363 and 87.
29
Calculate the highest common divisor of 748 and 110.
22
What is the greatest common divisor of 222 and 72?
6
Calculate the highest common factor of 48 and 1936.
16
Calculate the greatest common divisor of 27 and 4.
1
What is the highest common factor of 405 and 243?
81
What is the highest common factor of 32 and 94?
2
What is the greatest common factor of 120 and 80?
40
Calculate the greatest common factor of 30 and 1410.
30
Calculate the highest common divisor of 868 and 7.
7
Calculate the greatest common divisor of 217 and 83328.
217
What is the highest common factor of 16 and 18064?
16
Calculate the greatest common divisor of 46 and 10.
2
What is the highest common factor of 1736 and 56?
56
Calculate the highest common factor of 2960 and 80.
80
What is the highest common factor of 2761 and 11?
11
What is the highest common divisor of 128 and 148?
4
Calculate the greatest common factor of 49 and 392.
49
Calculate the greatest common divisor of 46 and 8.
2
What is the highest common factor of 16 and 8632?
8
Calculate the greatest common factor of 1683 and 198.
99
Calculate the greatest common divisor of 6 and 1626.
6
What is the greatest common factor of 493 and 68?
17
Calculate the greatest common factor of 754 and 26.
26
Calculate the highest common divisor of 4653 and 99.
99
Calculate the greatest common factor of 2629 and 1195.
239
Calculate the highest common factor of 429 and 660.
33
What is the highest common factor of 196 and 8036?
196
What is the greatest common divisor of 34475 and 350?
175
What is the highest common factor of 1175 and 329?
47
What is the highest common divisor of 22 and 40?
2
What is the highest common divisor of 99 and 3487?
11
What is the greatest common factor of 28 and 13748?
28
Calculate the highest common divisor of 312 and 1456.
104
What is the greatest common divisor of 21 and 70?
7
Calculate the greatest common factor of 3 and 34.
1
Calculate the highest common divisor of 11 and 43967.
11
What is the highest common factor of 10408 and 16?
8
Calculate the highest common factor of 1414 and 182.
14
What is the highest common divisor of 39 and 91?
13
What is the highest common divisor of 42 and 917?
7
What is the greatest common factor of 272 and 1840?
16
What is the highest common factor of 1734 and 6?
6
Calculate the greatest common divisor of 49 and 6573.
7
What is the greatest common divisor of 38 and 37050?
38
What is the greatest common factor of 1534 and 2242?
118
What is the highest common factor of 646 and 38?
38
What is the greatest common factor of 3283 and 343?
49
Calculate the greatest common factor of 840 and 392.
56
Calculate the highest common divisor of 16021 and 37.
37
Calculate the highest common factor of 5 and 85.
5
What is the greatest common factor of 156 and 3588?
156
What is the greatest common factor of 34 and 1054?
34
What is the greatest common factor of 154 and 242?
22
Calculate the highest common divisor of 231 and 33.
33
Calculate the highest common divisor of 9 and 31.
1
Calculate the greatest common factor of 2 and 1968.
2
What is the greatest common divisor of 736 and 46?
46
Calculate the greatest common divisor of 380 and 2052.
76
What is the greatest common divisor of 182 and 31122?
182
What is the highest common factor of 28 and 800?
4
What is the greatest common factor of 44 and 1276?
44
What is the highest common factor of 76 and 39596?
76
What is the greatest common divisor of 39 and 2249?
13
What is the greatest common factor of 4122 and 18?
18
Calculate the greatest common factor of 2597 and 1325.
53
Calculate the greatest common divisor of 153 and 68.
17
What is the highest common divisor of 4 and 4892?
4
What is the greatest common divisor of 171 and 114?
57
What is the greatest common divisor of 132 and 10032?
132
What is the greatest common factor of 1241 and 85?
17
Calculate the greatest common factor of 22680 and 35.
35
Calculate the greatest common divisor of 57 and 171.
57
Calculate the highest common divisor of 7348 and 44.
44
Calculate the highest common divisor of 9 and 9.
9
What is the highest common factor of 816 and 748?
68
Calculate the greatest common factor of 153 and 408.
51
What is the greatest common factor of 7990 and 17?
17
What is the greatest common factor of 12140 and 30?
10
Calculate the highest common divisor of 9900 and 360.
180
What is the highest common factor of 208 and 1963?
13
What is the highest common divisor of 28 and 812?
28
What is the highest common divisor of 108 and 156?
12
What is the highest common divisor of 106 and 1431?
53
What is the highest common factor of 710 and 213?
71
What is the highest common factor of 115 and 92?
23
What is the highest common divisor of 60840 and 180?
180
What is the highest common divisor of 30 and 465?
15
What is the greatest common factor of 83 and 28801?
83
What is the greatest common factor of 50 and 2125?
25
What is the greatest common factor of 184 and 64?
8
Wha